ue
Let x = 21662 + 2927. Is x a prime number?
False
Suppose -12*y + 13*y = 2*m - 104100, 0 = 5*y - 10. Is m a composite number?
False
Suppose -1485 = p + 26*p. Suppose -2*i = -6*i + 280. Let j = i + p. Is j a composite number?
True
Suppose 0 = -3*g - 5*w + 1996239, -8*g + 5*g + 1996257 = 2*w. Is g a composite number?
True
Suppose m = 7 + 6. Suppose m*l - 6*l = -70. Is -34*(85/l + -3) prime?
False
Let f(s) = 3*s - 18. Let v be f(6). Let h = -56 - -58. Is h - 5 - (v - 686) a composite number?
False
Let g(d) = 2993*d**2 - 42*d - 244. Is g(-5) composite?
True
Is (-39)/(195/(-80)) - -5295 a prime number?
False
Suppose 13*o + 3 - 29 = 0. Is 13*((-483)/(-2) + 4)*o composite?
True
Let h = 32107 + -2634. Is h composite?
False
Let x = -193 - -193. Suppose -20*g + 21359 + 11781 = x. Is g a composite number?
False
Suppose 325173 = 3*n - 1336194. Is n a composite number?
False
Let g(u) = 5*u - 25. Let m be g(10). Is m/20 - 106223/(-4) a prime number?
True
Let y(b) be the third derivative of -89*b**4/12 - 25*b**3/6 - 832*b**2. Suppose 2*l + 20 = -2*n, l + 0*l + 2*n = -14. Is y(l) prime?
False
Let o(t) = t + 8 + t**2 + 8*t**2 - 3. Suppose 71 + 31 = 34*p. Is o(p) a prime number?
True
Let v(q) = -7 + q**2 + 10 - 123*q**3 + 82*q**3 + 2*q - 96*q**3. Is v(-2) composite?
True
Let n(o) = 10*o**3 - 4*o**2 + 4*o - 187. Is n(23) a composite number?
True
Let x = -831 - -840. Is x - (-2 + -1840 + 4) a prime number?
True
Let d(z) = 155*z**2 + 4*z - 55. Let l be d(-6). Suppose 265*p = 264*p + l. Is p prime?
True
Let g(u) = -430*u**2 + 14*u + 91. Let z(f) = 286*f**2 - 10*f - 61. Let o(v) = 5*g(v) + 8*z(v). Is o(-12) a prime number?
False
Suppose -4214 - 5860 = 3*h. Is 18/(-24) - h/8 prime?
True
Let v = 356 - -106. Let r = 1283 - v. Is r a composite number?
False
Let t(c) = -41*c**3 - 4*c + 16. Let d(j) = 56*j**3 + 3*j - 209*j**2 + 208*j**2 - 14*j**3 - 16. Let f(r) = -4*d(r) - 5*t(r). Is f(5) prime?
False
Let j = 55173 + 776. Is j a composite number?
False
Let t be -2*(-4 + (3 - 0)). Suppose 3 = t*a - 23. Let o = a + 192. Is o composite?
True
Let m(v) = -v**2 + 44*v - 38. Suppose -4*p + 20 = -72. Suppose -92 = -4*b - 4*q, 4*q + p + 32 = 3*b. Is m(b) a composite number?
True
Let p(j) = 41*j**2 - 24*j - 7. Let d be p(-8). Let g = d + 882. Is g prime?
True
Suppose -12*m + 10516 = 8467 - 223227. Is m composite?
False
Suppose 4*d + 0*d - o - 23020 = 0, -5*d - 5*o + 28750 = 0. Suppose 13*k = -k - d. Is k/(154/(-74) - -2) a prime number?
False
Is -10 - -12 - 29635/5*-7 a prime number?
True
Let f(b) = 2*b**3 + 9*b**2 + 6*b - 2. Let z be f(-4). Let g be z*3*92/(-24). Suppose -2*y + 764 = -2*v, -4*v + g = y - 262. Is y composite?
True
Suppose -4011401 = -5*y + 81*z - 78*z, 3*y = -5*z + 2406827. Is y a composite number?
False
Let k be (66/(-33))/(5/2130). Let h be 12/42 - 2823/7. Let t = h - k. Is t composite?
False
Let g = -146146 + 265449. Is g prime?
False
Let i = -71723 - -133164. Is i composite?
False
Suppose y = 3, -v - 5*y - 2045 = 6913. Let a = 12962 + v. Is a composite?
False
Suppose -3*h = -76 + 58. Suppose 0 = s + h*s + 28. Let o(v) = 101*v**2 - 6*v + 11. Is o(s) composite?
True
Suppose b - 10*q + 13*q = 14905, 2*b - 3*q = 29774. Is b a prime number?
False
Is (111165/(-12))/(70/(-112)) a composite number?
True
Let d = -388482 - -790585. Is d a prime number?
False
Suppose -2437935 = -11*z - 15*z - 155317. Is z a composite number?
False
Suppose -5*v - 23 = -88. Suppose 2*p = -v + 103. Is (-2)/15 + 121731/p prime?
False
Let b = 77 + -25. Suppose -b*p + 479 = -51*p. Suppose 1346 = 3*q + p. Is q composite?
True
Let r = 110 - 91. Suppose -23*k = -r*k - 32. Suppose -762 = k*j - 10*j. Is j composite?
True
Let d be -8*(2/(-1))/4. Let w(f) = -d*f**2 - 7 + 11*f + 2*f**2 - 17*f + 110*f**3 + 12*f. Is w(2) a prime number?
True
Suppose p + 61 = 2*w, -9*w = -14*w + 2*p + 151. Suppose -w*r = -32*r + 25869. Is r prime?
True
Suppose -3*f - f + 5*m = 16380, -3*m - 20512 = 5*f. Is 1 - f/9 - 8/(-18) a prime number?
True
Let r(q) be the first derivative of 2*q**3/3 - 37*q**2/2 - 27*q - 13. Let y be r(19). Is (-2769)/(-9) - -5*y/60 a prime number?
True
Let s(z) = -216*z**2 - 7*z + 18. Let d be s(3). Let i = -3685 - -899. Let b = d - i. Is b a prime number?
True
Let m = 2210225 + -1256308. Is m prime?
True
Let i(v) = 84*v**3 - 20*v**2 + 93*v - 67. Is i(24) a composite number?
False
Let p = 94 - 5. Let w = 828 - p. Is w prime?
True
Let k be ((4785/(-10))/11)/(3/4). Let z = -55 - k. Suppose -1447 = -5*q + 4*n + 1500, 0 = -q - z*n + 578. Is q prime?
True
Let o be (-3 - 1)/(20/30). Let f(y) = y**3 + 5*y**2 - 7*y - 10. Let c be f(o). Is 877*2*c/(-8) composite?
False
Suppose o - 1895 = 2*y, 5*o + 22*y = 27*y + 9485. Let l = o + -248. Is l a prime number?
False
Suppose -355*m - 1248278 = -4*u - 357*m, -4*m - 12 = 0. Is u a composite number?
False
Let b be 1 + 389*-2 - 0/(-3). Let g = 3722 - b. Is g a prime number?
False
Suppose 60993 + 819164 = 4*f - l, 3*l - 660114 = -3*f. Suppose 13*u + 64286 = f. Is u a prime number?
True
Let q be (-10)/65 - 340/(-13). Suppose -194 = -11*s + q. Let l(z) = z**3 - 19*z**2 - 10*z + 69. Is l(s) a prime number?
True
Suppose 0 = 5*s - 1 - 9. Suppose -s*r = -r. Suppose -3*c + 162 + 69 = r. Is c composite?
True
Let u be (-1062903)/(-27) - ((-25)/(-9) - 3). Let o = 68702 - u. Is o a composite number?
True
Suppose -70 = 2*n - 72, z - 168140 = 3*n. Is z a prime number?
True
Let k(b) = -16359*b - 43. Is k(-8) prime?
True
Let g(x) = x**2 - 4*x - 2. Let n be g(4). Suppose -3*m - 146 = -2*k - 8*m, k - 59 = m. Let r = k - n. Is r composite?
True
Let d(u) = -2*u**2 + 8*u. Let o(w) = -5*w**2 + 23*w. Let x(m) = 8*d(m) - 3*o(m). Let k be x(-6). Is 2054/(-39)*(k/4 + 0) a prime number?
True
Is (-12)/(-28) - 16601600/(-112) composite?
False
Let h = 2987 - 4398. Let g = h + 2090. Is g a composite number?
True
Let r = 2 - 2. Suppose 2*o - 95 = -3*b, r = -0*b + b - o - 30. Suppose -3*x + w + b = -60, -52 = -2*x + 5*w. Is x prime?
True
Suppose -4*y - 3*h + 241304 + 127280 = 0, -5*y + 460735 = 5*h. Is y a composite number?
False
Let d(i) = 21*i**2 - 49. Let k(b) = -b**3 - 15*b**2 + 54*b - 6. Let x be k(-18). Is d(x) prime?
False
Let l(k) = 494*k + 5. Let f be l(5). Suppose -34*m + 40*m + d = 27, 0 = 5*d + 45. Suppose -m*i - f + 8367 = 0. Is i a composite number?
True
Let h = -330723 - -541526. Is h a prime number?
True
Let o be ((-12)/36)/((-2)/30). Suppose -d - 204 = t, -2*t + 4*d + 612 = -o*t. Let q = t - -613. Is q a composite number?
False
Suppose 9 = 2*n + n, d + 5*n - 364 = 0. Let p = 650 - d. Is p a composite number?
True
Let w(n) = 24273*n**2 - 487*n - 2403. Is w(-5) prime?
True
Suppose 0*x - 61 = -x. Suppose -x + 1146 = -5*m. Let o = m + 626. Is o prime?
True
Suppose -138343*h = -138344*h + 25859. Is h a prime number?
False
Let g(y) = 387*y**2 - 126*y - 3608. Is g(-29) a prime number?
True
Let n(y) = y - 1. Let t(f) = 10*f**2 - 8*f. Let h(a) = 5*n(a) + t(a). Suppose -o - 3*x = -6, 3*o + 15 = 2*x - 11. Is h(o) a composite number?
False
Suppose -605928 = -2*s + 3*i + 2*i, i = 0. Suppose -8*v = 4*v - s. Is v a composite number?
False
Suppose 4*l = -3*v + 29, 0 = 2*v - 3*l + 9. Suppose 6*c + v*m - 25 = 4*c, c - m = 0. Suppose 8*d - 3*b = 4*d + 31, -5*b = c*d - 30. Is d a prime number?
True
Suppose -2605 = -z + 215. Suppose 5*x + 0*d = 3*d + 7048, 2*d + z = 2*x. Is x a prime number?
True
Suppose 3*x - 12 = 0, h - x = -3*x - 2171. Let p = h + 4260. Is p composite?
False
Let z(d) = 734*d**2. Suppose 2*y - 5*f - 20 = -f, 4*f = -3*y. Suppose 0 = -8*x + 4*x - y. Is z(x) prime?
False
Let k(v) be the second derivative of v**4/12 + 4*v**3/3 + 6*v**2 - 8*v + 2. Let i be k(-6). Suppose 2*j + 44 = r + 708, -4*r - 8 = i. Is j a prime number?
True
Let r(q) be the first derivative of 231*q**2 - 283*q - 140. Is r(26) a prime number?
False
Let r(u) be the second derivative of -22*u**3 - 241*u**2/2 - 39*u + 2. Is r(-24) composite?
False
Suppose -4731 = a - h, 2*a + 3*h + 7839 = -1603. Let w = 918 - a. Is w composite?
True
Suppose 0 = m + 3*w - 0*w - 5, -w + 15 = 3*m. Suppose m*n = -1001 + 4071. Is n composite?
True
Let r(h) = -h**3 - 14*h**2 - 21*h + 42. Let z be r(-12). Let y(m) = m**3 - 6*m**2 + 29*m - 15. Is y(z) composite?
True
Suppose g = 53*w - 52*w - 21701, -4*w = 5*g - 86804. Is w a composite num